944?
4
What is the tens digit of 9871?
7
What is the tens digit of 11659?
5
What is the tens digit of 1497?
9
What is the tens digit of 4409?
0
What is the tens digit of 632?
3
What is the hundreds digit of 8882?
8
What is the hundreds digit of 1079?
0
What is the tens digit of 21593?
9
What is the units digit of 833?
3
What is the hundreds digit of 35527?
5
What is the tens digit of 545?
4
What is the tens digit of 2078?
7
What is the units digit of 2598?
8
What is the units digit of 10763?
3
What is the thousands digit of 2059?
2
What is the tens digit of 836?
3
What is the hundreds digit of 5501?
5
What is the thousands digit of 7696?
7
What is the units digit of 2561?
1
What is the units digit of 34594?
4
What is the units digit of 9087?
7
What is the thousands digit of 1109?
1
What is the thousands digit of 26031?
6
What is the thousands digit of 47780?
7
What is the units digit of 277?
7
What is the units digit of 1589?
9
What is the tens digit of 1267?
6
What is the hundreds digit of 55150?
1
What is the hundreds digit of 501?
5
What is the units digit of 2152?
2
What is the tens digit of 12562?
6
What is the thousands digit of 46453?
6
What is the units digit of 2522?
2
What is the units digit of 21723?
3
What is the units digit of 17091?
1
What is the units digit of 54324?
4
What is the thousands digit of 3431?
3
What is the hundreds digit of 154?
1
What is the hundreds digit of 1311?
3
What is the hundreds digit of 7810?
8
What is the hundreds digit of 10967?
9
What is the hundreds digit of 52945?
9
What is the thousands digit of 2579?
2
What is the units digit of 91791?
1
What is the hundreds digit of 43647?
6
What is the units digit of 716?
6
What is the units digit of 29505?
5
What is the units digit of 12038?
8
What is the tens digit of 2534?
3
What is the thousands digit of 3414?
3
What is the tens digit of 2315?
1
What is the units digit of 517?
7
What is the tens digit of 5227?
2
What is the tens digit of 3905?
0
What is the tens digit of 533?
3
What is the thousands digit of 45475?
5
What is the hundreds digit of 2611?
6
What is the tens digit of 860?
6
What is the hundreds digit of 48669?
6
What is the units digit of 3946?
6
What is the tens digit of 453?
5
What is the tens digit of 34188?
8
What is the tens digit of 8091?
9
What is the units digit of 19777?
7
What is the hundreds digit of 1366?
3
What is the tens digit of 234?
3
What is the hundreds digit of 65802?
8
What is the ten thousands digit of 22486?
2
What is the hundreds digit of 297?
2
What is the units digit of 138?
8
What is the units digit of 7332?
2
What is the tens digit of 83077?
7
What is the thousands digit of 5112?
5
What is the tens digit of 3661?
6
What is the hundreds digit of 234?
2
What is the tens digit of 15810?
1
What is the hundreds digit of 1752?
7
What is the units digit of 8804?
4
What is the units digit of 74?
4
What is the ten thousands digit of 17345?
1
What is the units digit of 2737?
7
What is the units digit of 791?
1
What is the thousands digit of 19981?
9
What is the hundreds digit of 8277?
2
What is the tens digit of 674?
7
What is the thousands digit of 38104?
8
What is the hundreds digit of 6412?
4
What is the tens digit of 6946?
4
What is the thousands digit of 1069?
1
What is the units digit of 1167?
7
What is the hundreds digit of 471?
4
What is the tens digit of 6367?
6
What is the tens digit of 847?
4
What is the ten thousands digit of 145492?
4
What is the units digit of 4589?
9
What is the hundreds digit of 48817?
8
What is the hundreds digit of 640?
6
What is the units digit of 19555?
5
What is the tens digit of 4732?
3
What is the tens digit of 4337?
3
What is the tens digit of 12161?
6
What is the ten thousands digit of 74228?
7
What is the thousands digit of 1863?
1
What is the hundreds digit of 10756?
7
What is the hundreds digit of 5166?
1
What is the ten thousands digit of 20021?
2
What is the thousands digit of 1930?
1
What is the hundreds digit of 7718?
7
What is the tens digit of 1434?
3
What is the units digit of 2220?
0
What is the ten thousands digit of 13356?
1
What is the hundreds digit of 195269?
2
What is the hundreds digit of 1158?
1
What is the units digit of 983?
3
What is the tens digit of 63084?
8
What is the tens digit of 32619?
1
What is the tens digit of 41901?
0
What is the units digit of 9533?
3
What is the tens digit of 6704?
0
What is the units digit of 304?
4
What is the hundreds digit of 17941?
9
What is the units digit of 3066?
6
What is the hundreds digit of 2638?
6
What is the hundreds digit of 109624?
6
What is the ten thousands digit of 15740?
1
What is the ten thousands digit of 46114?
4
What is the units digit of 1760?
0
What is the thousands digit of 171770?
1
What is the hundreds digit of 7218?
2
What is the tens digit of 4639?
3
What is the ten thousands digit of 46470?
4
What is the tens digit of 1063?
6
What is the thousands digit of 5134?
5
What is the thousands digit of 47801?
7
What is the tens digit of 16897?
9
What is the tens digit of 2145?
4
What is the units digit of 2649?
9
What is the thousands digit of 6505?
6
What is the tens digit of 2069?
6
What is the hundreds digit of 2987?
9
What is the ten thousands digit of 26037?
2
What is the tens digit of 53625?
2
What is the units digit of 5736?
6
What is the ten thousands digit of 22660?
2
What is the thousands digit of 1694?
1
What is the thousands digit of 3771?
3
What is the hundreds digit of 3219?
2
What is the tens digit of 1430?
3
What is the thousands digit of 1551?
1
What is the thousands digit of 7327?
7
What is the hundreds digit of 58143?
1
What is the hundreds digit of 1540?
5
What is the units digit of 1483?
3
What is the tens digit of 1000?
0
What is the units digit of 3362?
2
What is the hundreds digit of 1397?
3
What is the ten thousands digit of 58277?
5
What is the units digit of 9289?
9
What is the hundreds digit of 37201?
2
What is the tens digit of 2278?
7
What is the tens digit of 5525?
2
What is the tens digit of 1082?
8
What is the thousands digit of 2447?
2
What is the thousands digit of 3293?
3
What is the ten thousands digit of 29941?
2
What is the tens digit of 6104?
0
What is the units digit of 24283?
3
What is the thousands digit of 2366?
2
What is the units digit of 56153?
3
What is the thousands digit of 71910?
1
What is the tens digit of 12878?
7
What is the hundred thousands digit of 114370?
1
What is the hundreds digit of 711?
7
What is the units digit of 6088?
8
What is the tens digit of 330?
3
What is the hundreds digit of 4913?
9
What is the hundreds digit of 867?
8
What is the thousands digit of 1379?
1
What is the units digit of 24209?
9
What is the units digit of 1651?
1
What is the tens digit of 5504?
0
What is the units digit of 6004?
4
What is the units digit of 67803?
3
What is the ten thousands digit of 12144?
1
What is the thousands digit of 24008?
4
What is the tens digit of 1220?
2
What is the hundreds digit of 9070?
0
What is the units digit of 6850?
0
What is the units digit of 3536?
6
What is the tens digit of 5118?
1
What is the units digit of 8703?
3
What is the thousands digit of 10074?
0
What is the tens digit of 458?
5
What is the units digit of 2860?
0
What is the thousands digit of 6089?
6
What is the tens digit of 1489?
8
What is the tens digit of 52865?
6
What is the hundreds digit of 1754?
7
What is the hundreds digit of 437?
4
What is the units digit of 1857?
7
What is the thousands digit of 25931?
5
What is the thousands digit of 40712?
0
What is the thousands digit of 18460?
8
What is the hundreds digit of 979?
9
What is the tens digit of 958?
5
What is the hundreds digit of 641?
6
What is the units digit of 34281?
1
What is the thousands digit of 36117?
6
What is the units digit of 80568?
8
What is the thousands digit of 1093?
1
What is the tens digit of 255?
5
What is the hundreds digit of 16607?
6
What is the hundreds digit of 167?
1
What is the units digit of 7293?
3
What is the tens digit of 5212?
1
What is the units digit of 70734?
4
What is the thousands digit of 3520?
3
What is the tens digit of 1829?
2
What is the units digit of 237?
7
What is the thousands digit of 1504?
1
What is the ten thousands digit of 49955?
4
What is the units digit of 753?